 -3*y - 15. Let q be l(y). Calculate the highest common divisor of 60 and q.
12
Let c be (-6 + 11 + -41)/((-3)/4). Calculate the greatest common factor of c and 3.
3
Suppose -5*w + 149 = -4*u, -5*u + 88 - 6 = 3*w. Suppose -71 = -2*j - w. What is the greatest common factor of 3 and j?
3
Suppose -3*s + 13 = -5. What is the greatest common factor of s and 42?
6
Let x be 32/5*120/48. What is the highest common divisor of 272 and x?
16
Suppose -2*l - 2*d = -50, 2*l = 4*l - 5*d - 85. What is the greatest common factor of 60 and l?
30
Let j(g) = -g + 4. Let t be j(2). Let v be 1 + 122/8 - 2/8. What is the greatest common factor of t and v?
2
Suppose 111 = 2*y - 57. Let p = 15 + y. Calculate the greatest common factor of 9 and p.
9
Suppose 7*o - 5*o = -42. Let v be (-36)/o*(6 - -1). What is the greatest common factor of 132 and v?
12
Suppose 2 = 4*z - 26. Calculate the greatest common factor of 63 and z.
7
Let u(g) = g**2 - g + 1. Let l be u(0). Let d be (-1)/(-3) + (-39)/9 + 5. What is the greatest common divisor of l and d?
1
Let d be (-1)/(3/(36/4)). Let v = 13 + d. Calculate the highest common divisor of 80 and v.
10
Let y(o) = o**3 - 5*o**2 - 4*o + 6. Let q be y(6). Suppose 375 = q*l - 15*l. What is the highest common factor of l and 50?
25
Suppose 0 = d - 14 - 1. What is the highest common factor of 30 and d?
15
Let g(z) = 2*z**2 - 3*z - 6. Let b be g(6). Calculate the highest common factor of 6 and b.
6
Suppose 5*r - 6*r + 2 = 0. Suppose 0*m = m - r. Calculate the highest common factor of 14 and m.
2
Let d(x) = 7*x**2 + x + 1. Let u be d(1). Let v = u + -1. Let l be (1 + -2)*(1 + -17). Calculate the greatest common factor of v and l.
8
Suppose 11 = 2*r + 3*g, -6*g + 2*g = r + 2. Let f(n) = n**3 + 8*n**2 - n + 7. Let l be f(-8). Calculate the greatest common factor of l and r.
5
Let h(x) = x + 9. Let r be h(-7). Calculate the highest common factor of 1 and r.
1
Suppose 7*w = -j + 3*w + 8, 3*w - 6 = 5*j. Let q be 2*(26/4 + j). Calculate the greatest common factor of 104 and q.
13
Let p = -20 + 39. Calculate the highest common factor of p and 209.
19
Suppose z - 2 = -2*j - 1, -5*z + 2*j = -17. Suppose -z*b + 12 = -9. What is the greatest common factor of b and 28?
7
Let g(o) = -10*o - 64. Let n be g(-12). Let t = -92 - -176. What is the greatest common divisor of n and t?
28
Let u(y) = 15*y**2 - 2*y + 1. Let k be u(1). Let l be ((-1)/(-1))/(7/98). What is the greatest common factor of l and k?
14
Let m be 29/(-2)*(-18 + 16). Let r = m + -9. What is the highest common divisor of r and 50?
10
Let x(t) = 4*t. Let z be x(4). Suppose -v + 12 = -5*v. Let p be -2 - (-3)/(v/(-26)). What is the highest common factor of z and p?
8
Let u be ((-5)/(-4))/((-4)/16). Let f = 8 + u. Let s = f - 1. What is the highest common factor of 10 and s?
2
Let w be (-4)/34 + (-9559)/(-187). Let h = 17 + w. Calculate the greatest common factor of 17 and h.
17
Let b be (-3 + (7 - 3))/1. Suppose 17 = 4*m - g, -2*m = 3*g - 4 - b. Let t be 242/8 + m/(-16). What is the greatest common divisor of 20 and t?
10
Let l(h) = -26*h - 12. Let b be l(-3). What is the highest common factor of 18 and b?
6
Suppose x - 5*r - 196 = 0, -r = -5*x + 2*r + 980. Suppose 4*q + 0*q = x. Suppose -3*m + 9*m = 42. What is the greatest common divisor of m and q?
7
Let k(r) be the second derivative of 5*r**4/12 + r**3/3 + 8*r**2 - 7*r. Let u be k(7). What is the highest common factor of 25 and u?
25
Suppose 0 = -c - 5*p + 130, 3*c - 2*p = -0*p + 475. Calculate the highest common factor of 31 and c.
31
Suppose -3*u + 0*v + 36 = 4*v, 5*u - 49 = -3*v. What is the greatest common divisor of u and 32?
8
Let z(p) = -4*p - 10. Let u be z(-7). What is the highest common factor of 45 and u?
9
Let j(y) = 5*y**2 - 7*y - 12. Let g be j(6). Suppose -4*x = -23 + 7. Suppose -x*s + 100 = 16. What is the greatest common factor of g and s?
21
Let c = 447 + -258. Let o be 1/2 - c/(-6). Suppose -w = 2*p - o, -4*w + p = -5*w + 28. What is the highest common factor of 6 and w?
6
Suppose -4*m = 9*m - 3094. What is the highest common divisor of m and 14?
14
Let h(y) = 9*y**3 + y**2 - 3*y + 1. Let q be h(1). Suppose 6*r - 80 = r. Calculate the highest common factor of r and q.
8
Let f(p) = p**2 - 190. Let d be f(0). Suppose 0*w + w = 2*k + 253, -3*k - 5*w - 373 = 0. Let b = k - d. Calculate the highest common divisor of 8 and b.
8
Let t(q) = -2*q. Let r be t(1). Let d be 35 + r + (0 - 3). Calculate the greatest common divisor of 20 and d.
10
Suppose 31 = 2*r - 33. Suppose -r = -4*p + 60. What is the highest common divisor of p and 23?
23
Suppose 0*o = -o. Let u = o + 2. Suppose -u*q = 2*q - 216. Calculate the greatest common divisor of 9 and q.
9
Let u(c) = -c**3 - 9*c**2 - 10*c - 8. Let h be u(-8). Let q = -4 + h. Let m be (-536)/(-18) - q/(-18). Calculate the highest common divisor of 12 and m.
6
Suppose 10 = 5*l - 10. Suppose -4*g = -0*o - o - 31, -2*o - l*g - 14 = 0. Let k = 21 + o. What is the highest common factor of k and 18?
6
Suppose -3*h + 2*z - 17 = 0, h = -0*h - 3*z - 24. Let a(i) = -2*i - 9. Let x be a(h). What is the highest common divisor of 81 and x?
9
Suppose 5*y - 2*w = 45, 0 = -4*y - 5*w + 50 - 14. Let g(o) = o - 2. Let z be g(-2). Let r be 762/21 - z/(-14). Calculate the greatest common divisor of r and y.
9
Suppose n = -2*n + 15. Let c be 1 - (-5)/(n/(-14)). Let y = c - -25. What is the greatest common divisor of 3 and y?
3
Suppose 12*u = 1453 + 275. What is the greatest common divisor of 16 and u?
16
Let b = -41 + -19. Let v = b + 104. Let k = -30 + v. Calculate the greatest common divisor of 42 and k.
14
Let d be 2/5*(11 - 6). What is the greatest common factor of d and 2?
2
Suppose -3*r + 10 = -2. Let b be 1 + (-3 - -3) - -159. Suppose -n - 4*n + b = 0. What is the greatest common factor of n and r?
4
Let a(r) = 2*r - 15. Let v be a(10). Suppose -3*x - 5*u = -4*x - 6, v*x - u - 18 = 0. What is the highest common divisor of x and 20?
4
Suppose 0 = -5*v - 5*q, 2*q - 6 = 3*v + 7*q. Suppose 2*m + 4 = 34. What is the highest common divisor of v and m?
3
Suppose 5*a + 4*n = 305, 0 = -5*a + 4*n + n + 350. Let j = -92 - -118. What is the greatest common divisor of a and j?
13
Suppose -5*h - 2*u = -h - 128, 0 = 4*h - 5*u - 100. What is the highest common factor of 12 and h?
6
Let c be (1 - 3) + 107*1. Let w be (-4)/6 - (-65)/3. What is the greatest common factor of c and w?
21
Suppose -5*i + 2*i + 33 = 0. Suppose 0 + 6 = -3*r, 4*v - 26 = 5*r. Let s(m) = 5*m**2 + m + 4. Let o be s(v). What is the greatest common divisor of i and o?
11
Let b be (0 - 5)*9/(-15). Suppose 3*m = 2*n + 3, 8*m - 3*m = n + 12. Suppose m*d = -d + 108. Calculate the greatest common factor of d and b.
3
Let i(u) = -u**2 - 8*u + 10. Let q be i(-8). Let f = -5 + 7. What is the greatest common divisor of q and f?
2
Suppose -4*v - 15 = -v. Let o be 3 - (-3 + 5 + -6). Let z = o + v. Calculate the highest common divisor of z and 10.
2
Let n be 9/(-2)*(-24)/9. Let d be n/7 + 16/56. What is the highest common divisor of 1 and d?
1
Let o be 32/10*(-90)/(-12). Let z be 1/((-52)/(-24) - 2). What is the highest common factor of z and o?
6
Let l be (-21)/2*(-12)/(-9). Let i = l + 18. Calculate the greatest common divisor of 4 and i.
4
Let d = 482 - 329. What is the greatest common divisor of d and 17?
17
Suppose -2*s = -j + 16, 2*s + 10 = -j + 34. Let q(d) = d**2 + 20. Let b be q(0). What is the greatest common factor of j and b?
20
Suppose -28 = -5*y + 52. Calculate the highest common divisor of y and 192.
16
Let s(o) = 7 - 2*o**2 + 1 + 3*o**2. Let b be s(0). Let a be (-2)/b + 52/16. Calculate the highest common factor of 1 and a.
1
Let s(y) = y**3 - 6*y**2 - 8*y + 6. Let t be s(7). Let k(a) = -120*a. Let g be k(t). What is the highest common divisor of g and 12?
12
Let a(c) = -c**2 + 6*c + 8. Let z be a(7). Let h be 0/((-4)/(-6)*3). Let r = h + z. Calculate the greatest common divisor of r and 2.
1
Let s = 21 - -113. Suppose -16 = -5*v + s. Let q = 0 + 12. What is the highest common divisor of q and v?
6
Let h(i) = -i**2 - 6*i + 8. Suppose 2*y = -5*l - 45, -2*l - 4 = -0*l - 2*y. Let v be h(l). Calculate the greatest common factor of 1 and v.
1
Let o(x) = x**3 + 7*x**2 + 8*x + 6. Suppose 0*l + 3*l = -18. Let z be o(l). Let d be 3/z*-7*8. Calculate th